{"id":62,"date":"2025-09-17T22:21:02","date_gmt":"2025-09-17T22:21:02","guid":{"rendered":"https:\/\/jm-miel-nozay.fr\/www\/?page_id=62"},"modified":"2025-09-17T22:48:26","modified_gmt":"2025-09-17T22:48:26","slug":"point-de-vente","status":"publish","type":"page","link":"https:\/\/jm-miel-nozay.fr\/www\/?page_id=62","title":{"rendered":"Point de vente"},"content":{"rendered":"\n<p>Chez le producteur 6 chemin des joncs marins \u00e0 Nozay 91 par rendez vous.<br> Votre commande sera pr\u00e9par\u00e9e et r\u00e9serv\u00e9e pour une p\u00e9riode de trois jours, au del\u00e0 celle ci sera remise \u00e0 la vente. Nous pouvons livrer votre commande dans un rayon de 10 km autour de Nozay, pour une commande sup\u00e9rieure \u00e0 10 pots, possibilit\u00e9 d\u2019\u00eatre livr\u00e9 gratuitement \u2026<br>contact@jm-miel-nozay.fr<br>Tel 06 08 35 98 22 \/ 06 52 85 77 34<\/p>\n\n\n\n<p>Boulangerie de Nozay \u00ab\u00a0<em>Nicolle Christophe<\/em>\u00ab\u00a0<br>2 rue du vieux Lavoir <br>91620 Nozay<\/p>\n\n\n\n<p>Les Potagers De Marcoussis <br>Chemin du regard <br>91460 Marcoussis<br>Tel:01 64 49 52 80<\/p>\n\n\n\n<p><\/p>\n\n\n\n<p><\/p>\n","protected":false},"excerpt":{"rendered":"<p>Chez le producteur 6 chemin des joncs marins \u00e0 Nozay 91 par rendez vous. Votre commande sera pr\u00e9par\u00e9e et r\u00e9serv\u00e9e pour une p\u00e9riode de trois jours, au del\u00e0 celle ci sera remise \u00e0 la vente. Nous pouvons livrer votre commande dans un rayon de 10 km autour de Nozay, pour une commande sup\u00e9rieure \u00e0 10 &hellip; <a href=\"https:\/\/jm-miel-nozay.fr\/www\/?page_id=62\" class=\"more-link\">Continuer la lecture<span class=\"screen-reader-text\"> de &laquo;&nbsp;Point de vente&nbsp;&raquo;<\/span><\/a><\/p>\n","protected":false},"author":1,"featured_media":0,"parent":0,"menu_order":0,"comment_status":"closed","ping_status":"closed","template":"","meta":{"footnotes":""},"class_list":["post-62","page","type-page","status-publish","hentry"],"_links":{"self":[{"href":"https:\/\/jm-miel-nozay.fr\/www\/index.php?rest_route=\/wp\/v2\/pages\/62","targetHints":{"allow":["GET"]}}],"collection":[{"href":"https:\/\/jm-miel-nozay.fr\/www\/index.php?rest_route=\/wp\/v2\/pages"}],"about":[{"href":"https:\/\/jm-miel-nozay.fr\/www\/index.php?rest_route=\/wp\/v2\/types\/page"}],"author":[{"embeddable":true,"href":"https:\/\/jm-miel-nozay.fr\/www\/index.php?rest_route=\/wp\/v2\/users\/1"}],"replies":[{"embeddable":true,"href":"https:\/\/jm-miel-nozay.fr\/www\/index.php?rest_route=%2Fwp%2Fv2%2Fcomments&post=62"}],"version-history":[{"count":11,"href":"https:\/\/jm-miel-nozay.fr\/www\/index.php?rest_route=\/wp\/v2\/pages\/62\/revisions"}],"predecessor-version":[{"id":77,"href":"https:\/\/jm-miel-nozay.fr\/www\/index.php?rest_route=\/wp\/v2\/pages\/62\/revisions\/77"}],"wp:attachment":[{"href":"https:\/\/jm-miel-nozay.fr\/www\/index.php?rest_route=%2Fwp%2Fv2%2Fmedia&parent=62"}],"curies":[{"name":"wp","href":"https:\/\/api.w.org\/{rel}","templated":true}]}}